{"id":582,"date":"2024-04-22T19:49:37","date_gmt":"2024-04-22T17:49:37","guid":{"rendered":"https:\/\/www.360rhone-ml.fr\/?page_id=582"},"modified":"2024-04-22T20:13:37","modified_gmt":"2024-04-22T18:13:37","slug":"mentions-legales","status":"publish","type":"page","link":"https:\/\/www.360rhone-ml.fr\/index.php\/mentions-legales\/","title":{"rendered":"Mentions L\u00e9gales"},"content":{"rendered":"\n<div style=\"height:42px\" aria-hidden=\"true\" class=\"wp-block-spacer\"><\/div>\n\n\n\n<h1 class=\"wp-block-heading\">MENTIONS LEGALES<\/h1>\n\n\n\n<p>Nous vous remercions de votre visite sur le site de la C360. Vous trouverez ci-dessous notre politique en mati\u00e8re de traitement de donn\u00e9es personnelles. Nous vous engageons vivement \u00e0 la lire, en visitant ce site vous acceptez les pratiques que nous d\u00e9taillons et vous adh\u00e9rez aux termes et conditions \u00e9nonc\u00e9es ci-apr\u00e8s.<\/p>\n\n\n\n<p>Le site www.360rhone-ml.fr est destin\u00e9 \u00e0 l\u2019information personnelle des internautes qui l\u2019utilisent.<\/p>\n\n\n\n<h2 class=\"wp-block-heading\"><strong>Informations g\u00e9n\u00e9rales<\/strong><\/h2>\n\n\n\n<p>Ce site est propri\u00e9t\u00e9 de m\u00e9tropole aidante&nbsp;<\/p>\n\n\n\n<p>C360 RHONE METROPOLE DE LYON <br>26 rue Louis Blanc, 69006 Lyon<br>N\u00b0 de t\u00e9l\u00e9phone : xxxxxx<br>Email : contact@360rhone-ml.fr<br>Directeur de publication du site : xxxxx<br>Charg\u00e9 d\u2019exploitation : xxxxxx<br>Ce site a \u00e9t\u00e9 cr\u00e9\u00e9 par : C360, bas\u00e9 \u00e0 Lyon<br>Ce site est h\u00e9berg\u00e9 par :\u00a0<a href=\"https:\/\/www.acti.fr\/\" target=\"_blank\" rel=\"noreferrer noopener\">OVH<\/a><br>Copyright : www.www.360rhone-ml.fr<\/p>\n\n\n\n<h2 class=\"wp-block-heading\"><strong>Droits de propri\u00e9t\u00e9 intellectuelle<\/strong><\/h2>\n\n\n\n<p>C360 avise les utilisateurs de ce site que de nombreux \u00e9l\u00e9ments de ce site :<\/p>\n\n\n\n<ul class=\"wp-block-list\">\n<li>sont prot\u00e9g\u00e9s par la l\u00e9gislation sur le droit d\u2019auteur : ce peut \u00eatre notamment le cas des photographies, des articles, des dessins, des s\u00e9quences anim\u00e9es,\u2026 ;<br>\u2022 et\/ou sont prot\u00e9g\u00e9s par la l\u00e9gislation sur les dessins et mod\u00e8les ;<br>\u2022 sont prot\u00e9g\u00e9s par la l\u00e9gislation sur les marques.<br>Les \u00e9l\u00e9ments ainsi prot\u00e9g\u00e9s sont la propri\u00e9t\u00e9 de C360 ou de tiers ayant autoris\u00e9 C360 \u00e0 les exploiter.<\/li>\n<\/ul>\n\n\n\n<p>Ce site utilise des \u00e9l\u00e9ments visuels provenant de :<\/p>\n\n\n\n<ul class=\"wp-block-list\">\n<li>Documents internes \u00e0 C360 ou cr\u00e9\u00e9s par C360 pour 360rhone-ml.fr.<\/li>\n<\/ul>\n\n\n\n<p>A ce titre, toute reproduction, repr\u00e9sentation, utilisation, adaptation, modification, incorporation, traduction, commercialisation, partielles ou int\u00e9grales par quelque proc\u00e9d\u00e9 et sur quelque support que ce soit (papier, num\u00e9rique, \u2026) sont interdites, sans l\u2019autorisation \u00e9crite pr\u00e9alable de m\u00e9tropole aidante, hormis les exceptions vis\u00e9es \u00e0 l\u2019article L 122.5 du Code de la Propri\u00e9t\u00e9 Intellectuelle, sous peine de constituer un d\u00e9lit de contrefa\u00e7on de droit d\u2019auteur et\/ou de dessins et mod\u00e8les et\/ou de marque, puni de deux ans d\u2019emprisonnement et de 150 000\u20ac d\u2019amende.<\/p>\n\n\n\n<h2 class=\"wp-block-heading\"><strong>Droits d\u2019auteur et\/ou Droits sur les Dessins et Mod\u00e8les<\/strong><\/h2>\n\n\n\n<p>Le pr\u00e9sent site constitue une \u0153uvre dont C360 est l\u2019auteur au sens des articles L. 111.1 et suivants du Code de la propri\u00e9t\u00e9 intellectuelle. La conception et le d\u00e9veloppement dudit site ont \u00e9t\u00e9 assur\u00e9s par C360.<\/p>\n\n\n\n<p>Les photographies, textes, slogans, dessins, images, s\u00e9quences anim\u00e9es sonores ou non ainsi que toutes les \u0153uvres int\u00e9gr\u00e9es dans le site sont la propri\u00e9t\u00e9 de m\u00e9tropole aidante ou de tiers ayant autoris\u00e9 m\u00e9tropole aidante \u00e0 les utiliser.<\/p>\n\n\n\n<p>Les reproductions, sur un support papier ou informatique, dudit site sont autoris\u00e9es sous r\u00e9serve qu\u2019elles soient strictement r\u00e9serv\u00e9es \u00e0 un usage personnel excluant tout usage \u00e0 des fins publicitaires et\/ou commercial et\/ou d\u2019information et\/ou qu\u2019elles soient conformes aux dispositions de l\u2019article L122-5 du Code de la Propri\u00e9t\u00e9 Intellectuelle.<\/p>\n\n\n\n<h2 class=\"wp-block-heading\"><strong>Informations relatives aux produits<\/strong><\/h2>\n\n\n\n<p>Les informations et illustrations figurant sur les pages de ce site Internet sont bas\u00e9es sur les caract\u00e9ristiques techniques en cours au moment de la mise en ligne ou de la mise \u00e0 jour des diff\u00e9rentes pages du site.<\/p>\n\n\n\n<p>Dans le cadre d\u2019une politique d\u2019am\u00e9lioration constante de ses produits et services, m\u00e9tropole aidante peut modifier \u00e0 tout moment les caract\u00e9ristiques de son offre. Les produits et\/ou services pr\u00e9sent\u00e9s sur ce site sont ceux distribu\u00e9s en France m\u00e9tropolitaine. Ils peuvent varier d\u2019un pays \u00e0 l\u2019autre ou ne pas \u00eatre disponibles dans tous les pays du monde.<\/p>\n\n\n\n<p>En tout \u00e9tat de cause, les informations contenues sur ce site sont des informations \u00e0 caract\u00e8re g\u00e9n\u00e9ral et n\u2019ont pas valeur contractuelle.<\/p>\n\n\n\n<h2 class=\"wp-block-heading\"><strong>Protection des donn\u00e9es personnelles<\/strong><\/h2>\n\n\n\n<p>La consultation du site www.360rhone-ml.fr est possible sans que vous ayez \u00e0 r\u00e9v\u00e9ler votre identit\u00e9 ou toute autre information \u00e0 caract\u00e8re personnel vous concernant.<\/p>\n\n\n\n<p>Le site de la Communaut\u00e9 360 ne collecte aucune donn\u00e9e personnelle et n&rsquo;utilise aucun cookies.<\/p>\n\n\n\n<h2 class=\"wp-block-heading\"><strong>Liens hypertextes<\/strong><\/h2>\n\n\n\n<p>La mise en place d\u2019un lien hypertexte vers le site www.360rhone-ml.fr ne n\u00e9cessite pas d\u2019autorisation pr\u00e9alable et \u00e9crite de C360. N\u00e9anmoins, C360 doit en \u00eatre inform\u00e9 dans un d\u00e9lai maximum de 10 jours apr\u00e8s la mise en place du lien.<\/p>\n\n\n\n<p>En tout \u00e9tat de cause, C360 n\u2019est en aucun cas tenue responsable du contenu ainsi que des produits ou services propos\u00e9s sur les sites auxquels le site www.360rhone-ml.fr se trouverait li\u00e9 par des liens hypertextes ou tout autre type de lien.<\/p>\n\n\n\n<h2 class=\"wp-block-heading\"><strong>Droit applicable<\/strong><\/h2>\n\n\n\n<p>Le site Internet\u00a0<a href=\"https:\/\/www.360rhone-ml.fr\/\">https:\/\/www.360rhone-ml.fr\/<\/a>\u00a0et les pr\u00e9sentes conditions g\u00e9n\u00e9rales sont soumises au droit fran\u00e7ais et sont r\u00e9dig\u00e9s en fran\u00e7ais. Pour tout litige, il est fait attribution exclusive de juridiction aux tribunaux comp\u00e9tents du ressort de Lyon. C360 se r\u00e9serve le droit de modifier les pr\u00e9sentes mentions \u00e0 tout moment. L\u2019utilisateur s\u2019engage \u00e0 la consulter r\u00e9guli\u00e8rement.<\/p>\n\n\n\n<h2 class=\"wp-block-heading\"><strong>Limitation de responsabilit\u00e9<\/strong><\/h2>\n\n\n\n<p>Vous utilisez le site\u00a0<a href=\"https:\/\/www.360rhone-ml.fr\/\">https:\/\/www.360rhone-ml.fr\/<\/a>\u00a0sous votre seule et enti\u00e8re responsabilit\u00e9. C360 ne pourra \u00eatre tenu pour responsable des dommages directs ou indirects, tels que, notamment, pr\u00e9judice mat\u00e9riel, pertes de donn\u00e9es ou de programme, pr\u00e9judice financier, r\u00e9sultant de l\u2019utilisation de ce site ou de sites qui lui sont li\u00e9s.<\/p>\n\n\n\n<h2 class=\"wp-block-heading\"><strong>Mise \u00e0 jour<\/strong><\/h2>\n\n\n\n<p>C360 se r\u00e9serve le droit de modifier et de mettre \u00e0 jour, sans pr\u00e9avis, les pr\u00e9sentes mentions l\u00e9gales et tous les \u00e9l\u00e9ments, produits pr\u00e9sent\u00e9s sur le site.<\/p>\n\n\n\n<h2 class=\"wp-block-heading\"><strong>La reproduction sur support papier<\/strong><\/h2>\n\n\n\n<p>A l\u2019exception de l\u2019iconographie, la reproduction des pages de ce site sur un support papier est autoris\u00e9e, sous r\u00e9serve du respect des trois conditions suivantes :<\/p>\n\n\n\n<p>\u2022 gratuit\u00e9 de la diffusion,<br>\u2022 respect de l\u2019int\u00e9grit\u00e9 des documents reproduits (aucune modification, ni alt\u00e9ration d\u2019aucune sorte)<br>\u2022 citation explicite du site www.360rhone-ml.fr comme source et mention que les droits de reproduction sont r\u00e9serv\u00e9s et strictement limit\u00e9s.<\/p>\n\n\n\n<h2 class=\"wp-block-heading\"><strong>La reproduction sur support \u00e9lectronique<\/strong><\/h2>\n\n\n\n<p>La reproduction de tout ou partie de ce site sur un support \u00e9lectronique est autoris\u00e9e sous r\u00e9serve de l\u2019ajout de fa\u00e7on claire et lisible de la source (<a href=\"https:\/\/www.360rhone-ml.fr\/\">https:\/\/www.360rhone-ml.fr\/<\/a>) et de la mention \u00ab&nbsp;Droits r\u00e9serv\u00e9s&nbsp;\u00bb.<\/p>\n\n\n\n<p>Les informations utilis\u00e9es ne doivent l\u2019\u00eatre qu\u2019\u00e0 des fins personnelles ou associatives ; toute utilisation \u00e0 des fins commerciales est interdite, sauf accord pr\u00e9alable par \u00e9crit de <a href=\"https:\/\/www.360rhone-ml.fr\/\">www.360rhone-ml.fr<\/a>.<\/p>\n\n\n\n<p><a href=\"http:\/\/www.acti.fr\/\" target=\"_blank\" rel=\"noreferrer noopener\">Contactez C360<\/a><\/p>\n\n\n\n<h2 class=\"wp-block-heading\">Cr\u00e9dits<\/h2>\n\n\n\n<p><strong>Vid\u00e9os \u00ab&nbsp;La C360 Rh\u00f4ne M\u00e9tropole\u00bb<\/strong><\/p>\n\n\n\n<p><em>Musique<\/em><\/p>\n\n\n\n<ul class=\"wp-block-list\">\n<li>Titre : <\/li>\n\n\n\n<li>Auteur : <\/li>\n\n\n\n<li>Source : <\/li>\n\n\n\n<li>Licence : <\/li>\n<\/ul>\n\n\n\n<p><em>Tournage et montage<\/em><\/p>\n\n\n\n<ul class=\"wp-block-list\">\n<li>nom 1<\/li>\n\n\n\n<li>nom 2<\/li>\n\n\n\n<li><\/li>\n<\/ul>\n\n\n\n<p><strong>Vid\u00e9o de pr\u00e9sentation du site web<\/strong><\/p>\n\n\n\n<ul class=\"wp-block-list\">\n<li>Tournage : <\/li>\n\n\n\n<li>Montage : <\/li>\n<\/ul>\n","protected":false},"excerpt":{"rendered":"<p>MENTIONS LEGALES Nous vous remercions de votre visite sur le site de la C360. Vous trouverez ci-dessous notre politique en mati\u00e8re de traitement de donn\u00e9es personnelles. Nous vous engageons vivement \u00e0 la lire, en visitant ce site vous acceptez les pratiques que nous d\u00e9taillons et vous adh\u00e9rez aux termes et conditions \u00e9nonc\u00e9es ci-apr\u00e8s. Le site&hellip;&nbsp;<a href=\"https:\/\/www.360rhone-ml.fr\/index.php\/mentions-legales\/\" rel=\"bookmark\">Lire la suite &raquo;<span class=\"screen-reader-text\">Mentions L\u00e9gales<\/span><\/a><\/p>\n","protected":false},"author":1,"featured_media":0,"parent":0,"menu_order":0,"comment_status":"closed","ping_status":"closed","template":"","meta":{"neve_meta_sidebar":"","neve_meta_container":"","neve_meta_enable_content_width":"","neve_meta_content_width":0,"neve_meta_title_alignment":"","neve_meta_author_avatar":"","neve_post_elements_order":"","neve_meta_disable_header":"","neve_meta_disable_footer":"","neve_meta_disable_title":"","footnotes":""},"class_list":["post-582","page","type-page","status-publish","hentry"],"_links":{"self":[{"href":"https:\/\/www.360rhone-ml.fr\/index.php\/wp-json\/wp\/v2\/pages\/582","targetHints":{"allow":["GET"]}}],"collection":[{"href":"https:\/\/www.360rhone-ml.fr\/index.php\/wp-json\/wp\/v2\/pages"}],"about":[{"href":"https:\/\/www.360rhone-ml.fr\/index.php\/wp-json\/wp\/v2\/types\/page"}],"author":[{"embeddable":true,"href":"https:\/\/www.360rhone-ml.fr\/index.php\/wp-json\/wp\/v2\/users\/1"}],"replies":[{"embeddable":true,"href":"https:\/\/www.360rhone-ml.fr\/index.php\/wp-json\/wp\/v2\/comments?post=582"}],"version-history":[{"count":12,"href":"https:\/\/www.360rhone-ml.fr\/index.php\/wp-json\/wp\/v2\/pages\/582\/revisions"}],"predecessor-version":[{"id":605,"href":"https:\/\/www.360rhone-ml.fr\/index.php\/wp-json\/wp\/v2\/pages\/582\/revisions\/605"}],"wp:attachment":[{"href":"https:\/\/www.360rhone-ml.fr\/index.php\/wp-json\/wp\/v2\/media?parent=582"}],"curies":[{"name":"wp","href":"https:\/\/api.w.org\/{rel}","templated":true}]}}