{"id":18,"date":"2024-03-26T10:35:57","date_gmt":"2024-03-26T09:35:57","guid":{"rendered":"https:\/\/www.360rhone-ml.fr\/?page_id=18"},"modified":"2024-04-22T19:34:01","modified_gmt":"2024-04-22T17:34:01","slug":"c360ml","status":"publish","type":"page","link":"https:\/\/www.360rhone-ml.fr\/index.php\/c360ml\/","title":{"rendered":"Communaut\u00e9 360 Rh\u00f4ne M\u00e9tropole de Lyon"},"content":{"rendered":"\n<div style=\"height:17px\" aria-hidden=\"true\" class=\"wp-block-spacer\"><\/div>\n\n\n\n<h2 class=\"wp-block-heading\">ICI le texte que le GT Comm aura \u00e9crit pour pr\u00e9senter la C360<\/h2>\n\n\n\n<div style=\"height:14px\" aria-hidden=\"true\" class=\"wp-block-spacer\"><\/div>\n\n\n\n<p>Laurem Ipsum&#8230;&#8230;<\/p>\n\n\n\n<div style=\"height:14px\" aria-hidden=\"true\" class=\"wp-block-spacer\"><\/div>\n\n\n\n<h2 class=\"wp-block-heading\"><strong>ARS Agence R\u00e9gionale de Sant\u00e9 <\/strong><\/h2>\n\n\n\n<details class=\"wp-block-details has-nv-light-bg-background-color has-background is-layout-flow wp-block-details-is-layout-flow\"><summary>Acte 2 de la R\u00e9ponse accompagn\u00e9e pour tous (RAPT), les communaut\u00e9s 360 f\u00e9d\u00e8rent les acteurs afin de proposer des solutions concr\u00e8tes inclusives en proximit\u00e9 du lieu de vie des personnes en situation de handicap et de pr\u00e9venir les risques de rupture de parcours.<br>Quelles sont les missions de la communaut\u00e9 360 ?<br><br>La communaut\u00e9 360 assure une \u00e9coute t\u00e9l\u00e9phonique destin\u00e9e \u00e0 toute personne en situation de handicap, aux proches aidants et aux familles confront\u00e9s \u00e0 des difficult\u00e9s particuli\u00e8res dans leur quotidien ou en recherche de solution d\u2019accompagnement. Elle apporte une r\u00e9ponse gr\u00e2ce \u00e0 un nouveau mode d\u2019organisation entre acteurs.<br>Les personnes en situation de handicap ou leurs aidants peuvent composer le&nbsp;<strong>0 800 360 360<\/strong>&nbsp;pour joindre une communaut\u00e9 360.&nbsp;Num\u00e9ro vert, il permet&nbsp;d\u2019entrer directement en relation avec des acteurs&nbsp;<strong>locaux<\/strong>, qui se coordonnent pour apporter des solutions adapt\u00e9es.<br><\/summary>\n<p>Elle fait suite \u00e0 la&nbsp;<a href=\"https:\/\/handicap.gouv.fr\/la-conference-nationale-du-handicap-cnh#:~:text=Lors%20de%20la%20Conf%C3%A9rence%20nationale,plus%20solidaire%20et%20plus%20innovante.\" target=\"_blank\" rel=\"noreferrer noopener\">Conf\u00e9rence nationale du handicap le 11 f\u00e9vrier 2020<\/a>, o\u00f9 le Pr\u00e9sident de la R\u00e9publique a pos\u00e9 l\u2019ambition forte de l\u2019inconditionnalit\u00e9 de l\u2019accompagnement. Il s\u2019agit d\u2019initier l\u2019acte II de la&nbsp;<a href=\"https:\/\/www.auvergne-rhone-alpes.ars.sante.fr\/fiche-repere-une-reponse-accompagnee-pour-tous\" target=\"_blank\" rel=\"noreferrer noopener\">R\u00e9ponse accompagn\u00e9e pour tous (RAPT)<\/a>&nbsp;afin d\u2019\u00e9viter et d\u2019anticiper des ruptures de parcours par une meilleure concertation et une coop\u00e9ration de tous les acteurs autour d\u2019une situation rep\u00e9r\u00e9e et d\u00e9termin\u00e9e \u00ab&nbsp;en compl\u00e9ment ou pour la mise en \u0153uvre des orientations de la Maison d\u00e9partementale pour les personnes handicap\u00e9es (MDPH) \u00bb.<\/p>\n\n\n\n<p>La MDPH reste l\u2019interlocuteur privil\u00e9gi\u00e9 pour toute demande relative aux situations de handicap.<\/p>\n\n\n\n<h3 class=\"wp-block-heading has-medium-font-size\">Les communaut\u00e9s 360 se d\u00e9ploient en Auvergne-Rh\u00f4ne-Alpes<\/h3>\n\n\n\n<p>D\u00e9j\u00e0 9 d\u00e9partements sont couverts (l&rsquo;Ain,&nbsp;l&rsquo;Ard\u00e8che,&nbsp;le Cantal, la Dr\u00f4me,&nbsp;l\u2019Is\u00e8re,&nbsp;la Loire, la Savoie,&nbsp;le Rh\u00f4ne et la M\u00e9tropole de Lyon).<\/p>\n\n\n\n<p>L\u2019installation se poursuit.<\/p>\n<\/details>\n\n\n\n<div style=\"height:14px\" aria-hidden=\"true\" class=\"wp-block-spacer\"><\/div>\n\n\n\n<div class=\"wp-block-buttons is-layout-flex wp-block-buttons-is-layout-flex\">\n<div class=\"wp-block-button is-style-primary\"><a class=\"wp-block-button__link wp-element-button\" href=\"https:\/\/www.auvergne-rhone-alpes.ars.sante.fr\/les-communautes-360-en-auvergne-rhone-alpes\" target=\"_blank\" rel=\"noreferrer noopener\">Aller sur le site de l&rsquo;ARS<\/a><\/div>\n<\/div>\n\n\n\n<div style=\"height:67px\" aria-hidden=\"true\" class=\"wp-block-spacer\"><\/div>\n","protected":false},"excerpt":{"rendered":"<p>ICI le texte que le GT Comm aura \u00e9crit pour pr\u00e9senter la C360 Laurem Ipsum&#8230;&#8230; ARS Agence R\u00e9gionale de Sant\u00e9<\/p>\n","protected":false},"author":1,"featured_media":0,"parent":0,"menu_order":0,"comment_status":"closed","ping_status":"closed","template":"","meta":{"neve_meta_sidebar":"","neve_meta_container":"","neve_meta_enable_content_width":"","neve_meta_content_width":0,"neve_meta_title_alignment":"","neve_meta_author_avatar":"","neve_post_elements_order":"","neve_meta_disable_header":"","neve_meta_disable_footer":"","neve_meta_disable_title":"","footnotes":""},"class_list":["post-18","page","type-page","status-publish","hentry"],"_links":{"self":[{"href":"https:\/\/www.360rhone-ml.fr\/index.php\/wp-json\/wp\/v2\/pages\/18","targetHints":{"allow":["GET"]}}],"collection":[{"href":"https:\/\/www.360rhone-ml.fr\/index.php\/wp-json\/wp\/v2\/pages"}],"about":[{"href":"https:\/\/www.360rhone-ml.fr\/index.php\/wp-json\/wp\/v2\/types\/page"}],"author":[{"embeddable":true,"href":"https:\/\/www.360rhone-ml.fr\/index.php\/wp-json\/wp\/v2\/users\/1"}],"replies":[{"embeddable":true,"href":"https:\/\/www.360rhone-ml.fr\/index.php\/wp-json\/wp\/v2\/comments?post=18"}],"version-history":[{"count":16,"href":"https:\/\/www.360rhone-ml.fr\/index.php\/wp-json\/wp\/v2\/pages\/18\/revisions"}],"predecessor-version":[{"id":581,"href":"https:\/\/www.360rhone-ml.fr\/index.php\/wp-json\/wp\/v2\/pages\/18\/revisions\/581"}],"wp:attachment":[{"href":"https:\/\/www.360rhone-ml.fr\/index.php\/wp-json\/wp\/v2\/media?parent=18"}],"curies":[{"name":"wp","href":"https:\/\/api.w.org\/{rel}","templated":true}]}}

Communauté 360 Rhône Métropole de Lyon

<div style="height:17px" aria-hidden="true" class="wp-block-spacer"></div>



<h2 class="wp-block-heading">ICI le texte que le GT Comm aura écrit pour présenter la C360</h2>



<div style="height:14px" aria-hidden="true" class="wp-block-spacer"></div>



<p>Laurem Ipsum&#8230;&#8230;</p>



<div style="height:14px" aria-hidden="true" class="wp-block-spacer"></div>



<h2 class="wp-block-heading"><strong>ARS Agence Régionale de Santé </strong></h2>



<details class="wp-block-details has-nv-light-bg-background-color has-background is-layout-flow wp-block-details-is-layout-flow"><summary>Acte 2 de la Réponse accompagnée pour tous (RAPT), les communautés 360 fédèrent les acteurs afin de proposer des solutions concrètes inclusives en proximité du lieu de vie des personnes en situation de handicap et de prévenir les risques de rupture de parcours.<br>Quelles sont les missions de la communauté 360 ?<br><br>La communauté 360 assure une écoute téléphonique destinée à toute personne en situation de handicap, aux proches aidants et aux familles confrontés à des difficultés particulières dans leur quotidien ou en recherche de solution d’accompagnement. Elle apporte une réponse grâce à un nouveau mode d’organisation entre acteurs.<br>Les personnes en situation de handicap ou leurs aidants peuvent composer le&nbsp;<strong>0 800 360 360</strong>&nbsp;pour joindre une communauté 360.&nbsp;Numéro vert, il permet&nbsp;d’entrer directement en relation avec des acteurs&nbsp;<strong>locaux</strong>, qui se coordonnent pour apporter des solutions adaptées.<br></summary>
<p>Elle fait suite à la&nbsp;<a href="https://handicap.gouv.fr/la-conference-nationale-du-handicap-cnh#:~:text=Lors%20de%20la%20Conf%C3%A9rence%20nationale,plus%20solidaire%20et%20plus%20innovante." target="_blank" rel="noreferrer noopener">Conférence nationale du handicap le 11 février 2020</a>, où le Président de la République a posé l’ambition forte de l’inconditionnalité de l’accompagnement. Il s’agit d’initier l’acte II de la&nbsp;<a href="https://www.auvergne-rhone-alpes.ars.sante.fr/fiche-repere-une-reponse-accompagnee-pour-tous" target="_blank" rel="noreferrer noopener">Réponse accompagnée pour tous (RAPT)</a>&nbsp;afin d’éviter et d’anticiper des ruptures de parcours par une meilleure concertation et une coopération de tous les acteurs autour d’une situation repérée et déterminée «&nbsp;en complément ou pour la mise en œuvre des orientations de la Maison départementale pour les personnes handicapées (MDPH) ».</p>



<p>La MDPH reste l’interlocuteur privilégié pour toute demande relative aux situations de handicap.</p>



<h3 class="wp-block-heading has-medium-font-size">Les communautés 360 se déploient en Auvergne-Rhône-Alpes</h3>



<p>Déjà 9 départements sont couverts (l&rsquo;Ain,&nbsp;l&rsquo;Ardèche,&nbsp;le Cantal, la Drôme,&nbsp;l’Isère,&nbsp;la Loire, la Savoie,&nbsp;le Rhône et la Métropole de Lyon).</p>



<p>L’installation se poursuit.</p>
</details>



<div style="height:14px" aria-hidden="true" class="wp-block-spacer"></div>



<div class="wp-block-buttons is-layout-flex wp-block-buttons-is-layout-flex">
<div class="wp-block-button is-style-primary"><a class="wp-block-button__link wp-element-button" href="https://www.auvergne-rhone-alpes.ars.sante.fr/les-communautes-360-en-auvergne-rhone-alpes" target="_blank" rel="noreferrer noopener">Aller sur le site de l&rsquo;ARS</a></div>
</div>



<div style="height:67px" aria-hidden="true" class="wp-block-spacer"></div>

<p>ICI le texte que le GT Comm aura écrit pour présenter la C360 Laurem Ipsum&#8230;&#8230; ARS Agence Régionale de Santé</p>
